8 and j?
26
Suppose 2698*n + 28710 = 2720*n. What is the greatest common divisor of 45 and n?
45
Suppose 5*n = -5*t - 176 + 216, 4*n - 2*t - 62 = 0. Suppose 2*x = x, 0 = -2*j - 5*x + 182. What is the highest common divisor of j and n?
13
Suppose -21750 = -17*w - 21*w + 9*w. Calculate the highest common factor of 120 and w.
30
Let j = -302 - -304. Let s = 50 + -48. What is the highest common factor of s and j?
2
Let t(y) = y**2 - 161*y + 1458. Let q be t(9). What is the highest common factor of q and 3285?
45
Suppose -8*f + 108 = -44. Suppose 1561 = f*g - 1099. What is the greatest common divisor of g and 105?
35
Let w be -1 + 0 + 646/2. Suppose -3*l - 10 = -13*l + 75 + 55. What is the highest common factor of l and w?
14
Suppose 3*o - l - 424 = -114, -3*o + 300 = -3*l. Let z = -9 + 12. Suppose -n = -5*m + 103, 4*n = z + 5. What is the highest common divisor of m and o?
21
Suppose -3*o - 4*f + 4 + 8 = 0, -4*f = 12. Suppose 0 = -13*w + 6*w + 93 + 47. Calculate the greatest common divisor of o and w.
4
Suppose v - 841 = 2*n, 4*v - 4258 = 4*n - 902. Calculate the highest common divisor of v and 783.
27
Let z be ((-7956)/27 + 0)*126/(-12). Calculate the highest common divisor of 34 and z.
34
Suppose 77 = -4*t + 37. Let j be (-7 + 73/(-5))/(3/t). Calculate the highest common factor of j and 8.
8
Suppose -3*q + 3*i = -330, -99*i = -3*q - 104*i + 282. Calculate the highest common divisor of 4 and q.
4
Suppose -153*d + 15680 = -133*d. What is the greatest common divisor of d and 7?
7
Let l be -1 - (-3 - -6)*1. Let d be (60/14)/(l/(-28)). Let z(v) = 3*v**2 - 21*v - 15. Let p be z(10). Calculate the highest common factor of d and p.
15
Let q = 3 - -2. Let p be (-30)/18*(2 + 0 - 17). Suppose 5*v - p = -2*u, 13 = -5*v + 5*u + 38. What is the highest common factor of q and v?
5
Let l be 4*(-915)/(-60) + -13. Calculate the highest common factor of 1952 and l.
16
Let s = -10604 + 10660. Calculate the highest common divisor of s and 1296.
8
Suppose 890*n = 871*n + 32319. What is the highest common divisor of 9 and n?
9
Let a = 61 - 38. Let p = -23 + a. Let f be ((-42)/(-9) - 2)*(9 - p). What is the greatest common factor of 6 and f?
6
Let x(m) = 6*m**2 + 10*m + 21. Let h be x(-5). Suppose 2*s - 41 = h. Calculate the highest common divisor of 9 and s.
9
Let o(l) = 13*l - 163. Suppose 18*u - 231 = 111. Let n be o(u). What is the greatest common factor of n and 105?
21
Let z be -197*(-16)/(-24) + 8/6. Let g = z - -132. What is the greatest common factor of g and 2?
2
Let t be ((-11)/(-11))/((-3)/(-1 - 11)). Let u be 194/t + -1 + (-3)/(-2). What is the greatest common factor of 7 and u?
7
Let p be (-2)/14 - (-167112)/252. Calculate the greatest common divisor of p and 5083.
221
Let x(o) = 2*o**3 + 24*o**2 - 27*o - 1. Let y be x(-13). What is the greatest common divisor of y and 2868?
12
Let l(i) be the second derivative of 1/3*i**3 + 10*i**2 + 4*i + 0. Let q be l(-8). Calculate the greatest common divisor of q and 24.
4
Let q = 95 + -3. What is the greatest common divisor of 437 and q?
23
Suppose 0 - 426 = -3*g + 5*j, 3*g - 438 = j. What is the highest common factor of 343 and g?
49
Suppose 6337 = 62*d - 13324 - 1915. What is the greatest common divisor of d and 180?
12
Let y(r) = -1435*r + 18 - 26*r**2 + 712*r + r**3 + 717*r. Let z be y(27). What is the greatest common divisor of z and 65?
65
Let o(f) = -25*f + 81. Let i be o(1). Suppose 3*x - 330 = 4*q + 406, -x + 4*q = -232. Calculate the highest common factor of i and x.
28
Let r(w) = -w**3 + 24*w**2 - 25*w - 124. Let s be r(24). Let h = 877 + s. Calculate the greatest common divisor of h and 68.
17
Suppose -33*q - 9858 = 52*q - 71568. Calculate the highest common divisor of q and 78.
6
Suppose -146673 = -76*o + 130879. Calculate the greatest common factor of 44 and o.
44
Suppose a - 513 = 5*o, 0 = 2*a - 4*o - 83 - 955. Let f = a + -487. What is the greatest common factor of 18 and f?
18
Suppose g - 669 = -3*z - 2*g, -3*g + 15 = 0. Let w = 150 - z. Let a be (1*2/4)/((-2)/w). What is the greatest common divisor of a and 153?
17
Suppose -4*i + 6*i - 464 = -2*k, 4*k - 32 = 0. Let p be (-1 - 0)/((-3)/(-27)). Let y = 19 - p. Calculate the highest common divisor of y and i.
28
Let t be (-1)/3*(-8)/(-16)*-6. Let f be t - -382 - (38 - 33). Calculate the greatest common divisor of 14 and f.
14
Let o be (-51)/(-68) + (390/(-8))/5. Let l be 2/o + (-3392)/(-36) + -1. Suppose 90*y - l*y = -48. Calculate the greatest common factor of 32 and y.
16
Let y(x) = x**3 - 4*x**2 - 10*x + 12. Let m = 10 + -4. Let w be y(m). Suppose -3*d = 2 + 1, -5*l + 41 = -d. Calculate the highest common factor of l and w.
8
Let x(d) = d**3 + 12*d**2 + 26*d - 3. Suppose 5*w = 5*z + 50, 0 = 6*z - 3*z + 3*w + 6. Let t be x(z). What is the highest common factor of 3 and t?
3
Let h(l) = 299*l + 3063. Let a be h(30). Calculate the greatest common factor of 63 and a.
63
Let i(j) = -60*j + 1893. Let b be i(13). What is the greatest common divisor of b and 21?
21
Let y be (-23)/(3335/58) + 722/5. What is the highest common divisor of y and 4248?
72
Let w be (-81)/(-9) - (-39 + 3). Let o(b) = 3 + 34 + 13*b - 25*b + b**2. Let f be o(9). Calculate the greatest common factor of f and w.
5
Let h(p) = 7*p**3 - 7*p**2 - 4*p - 3. Let i be h(-3). Let s = -212 - i. Suppose 2*l - 117 = 7. What is the highest common divisor of s and l?
31
Let h(z) = -z**2 - 117*z - 1506. Let m be h(-101). Suppose -40 = -2*x + 60. What is the highest common divisor of x and m?
10
Let i = -2683 - -3323. What is the highest common divisor of i and 1440?
160
Let p(l) = 3*l + 0*l**2 - 1 + 13*l**2 - 9. Suppose 86*f = 259 - 87. Let b be p(f). Calculate the greatest common factor of 64 and b.
16
Suppose 0 = -5*r - 3*d + 13, -2*r - 4*d - 4 = -6*r. Suppose -r*o - b + 89 + 146 = 0, 2*o - b = 245. What is the highest common factor of o and 48?
24
Suppose -6070*n + 6084*n - 2268 = 0. Calculate the greatest common divisor of n and 702.
54
Let q = -26931 + 26948. Let s = -567 - -1094. Calculate the greatest common factor of s and q.
17
Let x = -993 + 1223. Suppose -4*d + d = -5*v + 929, -2*v = -5*d - 383. Calculate the greatest common divisor of v and x.
46
Suppose q + q = a - 336, -q + 2*a - 174 = 0. Let k = 186 + q. What is the highest common factor of 190 and k?
10
Suppose 105206 = -162*c + 40*c + 317974. What is the greatest common divisor of 48 and c?
16
Suppose 20*t = 22*t + 6, -t - 63553 = -5*d. What is the greatest common divisor of 155 and d?
155
Suppose 171*o + 5*j = 166*o + 8205, 0 = -o + 4*j + 1626. Calculate the highest common divisor of o and 27.
9
Let t be (7 + 0 - 7)/(-2*1). Suppose t*w + 6*w - 336 = 0. What is the highest common factor of 28 and w?
28
Let m = 8289 + -7419. What is the greatest common divisor of m and 120?
30
Let w(v) be the first derivative of 3*v**2/2 - 54*v - 5. Suppose -17*j - 624 = -41*j. Let n be w(j). Calculate the greatest common factor of n and 108.
12
Let l be (-1*48/(-2))/((-12)/(-36)). Suppose -v = -j + 6, -v - 12 = -5*j - 2*v. Suppose l = -j*g + 7*g. What is the greatest common divisor of g and 18?
18
Suppose 0 = 2*w - 83 - 55. Let f = w - 21. Calculate the greatest common factor of f and 12.
12
Suppose 514 = 215*a + 616 - 1822. What is the greatest common divisor of 16568 and a?
8
Let h be 86 + 10/(-4)*(-30)/(-15)*1. Calculate the greatest common divisor of 954 and h.
9
Let j = -7563 - -23753. Calculate the highest common factor of 10 and j.
10
Suppose s - 18 = 11. Let u = s + -26. Suppose -651 = -u*w + 3*l - 108, -364 = -2*w + 4*l. What is the greatest common factor of w and 45?
45
Let a be (2 - -2) + -15 + 0. Let i(c) = c**3 + 10*c**2 - 9*c + 16. Let l be i(a). Let r be (-278)/l - 40/(-24). What is the greatest common factor of r and 12?
12
Let d be (-3282)/4 - 5/(-10). Let k = -696 - d. Calculate the greatest common factor of 62 and k.
62
Let c be (99/18 - 4)*(0 - -2). Suppose -c*n + 3338 = -5*a, 0 = a - 2*a - 1. What is the highest common divisor of n and 11?
11
Suppose 1299 = -89*h + 4414. Let g = -30 - -45. What is the greatest common divisor of g and h?
5
Let i be 2/(-16) - (1068/64*-6 - 12). Calculate the greatest common factor of 2384 and i.
16
Let d = 2712 - 2527. Let b(o) = -o**3 + 6*o**2 + o + 7. Let z be b(5). What is the highest comm